{"id":1911,"date":"2022-09-29T12:07:40","date_gmt":"2022-09-29T12:07:40","guid":{"rendered":"https:\/\/msdotrabalho.com.br\/blog\/?page_id=1911"},"modified":"2022-09-29T12:13:14","modified_gmt":"2022-09-29T12:13:14","slug":"politica-de-privacidade","status":"publish","type":"page","link":"https:\/\/msdotrabalho.com.br\/blog\/politica-de-privacidade\/","title":{"rendered":"Politica de Privacidade"},"content":{"rendered":"\t\t<div data-elementor-type=\"wp-page\" data-elementor-id=\"1911\" class=\"elementor elementor-1911\">\n\t\t\t\t\t\t<section class=\"elementor-section elementor-top-section elementor-element elementor-element-4baa66e elementor-section-boxed elementor-section-height-default elementor-section-height-default\" data-id=\"4baa66e\" data-element_type=\"section\">\n\t\t\t\t\t\t<div class=\"elementor-container elementor-column-gap-default\">\n\t\t\t\t\t<div class=\"elementor-column elementor-col-100 elementor-top-column elementor-element elementor-element-78ba4bf\" data-id=\"78ba4bf\" data-element_type=\"column\">\n\t\t\t<div class=\"elementor-widget-wrap elementor-element-populated\">\n\t\t\t\t\t\t<div class=\"elementor-element elementor-element-105de15 elementor-widget elementor-widget-heading\" data-id=\"105de15\" data-element_type=\"widget\" data-widget_type=\"heading.default\">\n\t\t\t\t<div class=\"elementor-widget-container\">\n\t\t\t\t\t<h2 class=\"elementor-heading-title elementor-size-large\">Politica de Privacidade<\/h2>\t\t\t\t<\/div>\n\t\t\t\t<\/div>\n\t\t\t\t\t<\/div>\n\t\t<\/div>\n\t\t\t\t\t<\/div>\n\t\t<\/section>\n\t\t\t\t<section class=\"elementor-section elementor-top-section elementor-element elementor-element-d6d15bf elementor-section-boxed elementor-section-height-default elementor-section-height-default\" data-id=\"d6d15bf\" data-element_type=\"section\">\n\t\t\t\t\t\t<div class=\"elementor-container elementor-column-gap-default\">\n\t\t\t\t\t<div class=\"elementor-column elementor-col-100 elementor-top-column elementor-element elementor-element-f86d4af\" data-id=\"f86d4af\" data-element_type=\"column\">\n\t\t\t<div class=\"elementor-widget-wrap elementor-element-populated\">\n\t\t\t\t\t\t<div class=\"elementor-element elementor-element-82cd831 elementor-widget elementor-widget-text-editor\" data-id=\"82cd831\" data-element_type=\"widget\" data-widget_type=\"text-editor.default\">\n\t\t\t\t<div class=\"elementor-widget-container\">\n\t\t\t\t\t\t\t\t\t<p style=\"margin-bottom: 1rem; color: rgb(87, 109, 150); font-family: Montserrat, sans-serif;\">A sua privacidade \u00e9 importante para n\u00f3s. \u00c9 pol\u00edtica do Cl\u00ednica M&amp;S do Trabalho respeitar a sua privacidade em rela\u00e7\u00e3o a qualquer informa\u00e7\u00e3o sua que possamos coletar no site&nbsp;<a href=\"https:\/\/msdotrabalho.com.br\/blog\/\" style=\"color: rgb(5, 90, 249);\">Cl\u00ednica M&amp;S do Trabalho<\/a>, e outros sites que possu\u00edmos e operamos.<\/p><p style=\"margin-bottom: 1rem; color: rgb(87, 109, 150); font-family: Montserrat, sans-serif;\">Solicitamos informa\u00e7\u00f5es pessoais apenas quando realmente precisamos delas para lhe fornecer um servi\u00e7o. Fazemo-lo por meios justos e legais, com o seu conhecimento e consentimento. Tamb\u00e9m informamos por que estamos coletando e como ser\u00e1 usado.<\/p><p style=\"margin-bottom: 1rem; color: rgb(87, 109, 150); font-family: Montserrat, sans-serif;\">Apenas retemos as informa\u00e7\u00f5es coletadas pelo tempo necess\u00e1rio para fornecer o servi\u00e7o solicitado. Quando armazenamos dados, protegemos dentro de meios comercialmente aceit\u00e1veis para evitar perdas e roubos, bem como acesso, divulga\u00e7\u00e3o, c\u00f3pia, uso ou modifica\u00e7\u00e3o n\u00e3o autorizados.<\/p><p style=\"margin-bottom: 1rem; color: rgb(87, 109, 150); font-family: Montserrat, sans-serif;\">N\u00e3o compartilhamos informa\u00e7\u00f5es de identifica\u00e7\u00e3o pessoal publicamente ou com terceiros, exceto quando exigido por lei.<\/p><p style=\"margin-bottom: 1rem; color: rgb(87, 109, 150); font-family: Montserrat, sans-serif;\">O nosso site pode ter links para sites externos que n\u00e3o s\u00e3o operados por n\u00f3s. Esteja ciente de que n\u00e3o temos controle sobre o conte\u00fado e pr\u00e1ticas desses sites e n\u00e3o podemos aceitar responsabilidade por suas respectivas&nbsp;<a href=\"https:\/\/politicaprivacidade.com\/\" target=\"_BLANK\" style=\"color: rgb(5, 90, 249);\">pol\u00edticas de privacidade<\/a>.<\/p><p style=\"margin-bottom: 1rem; color: rgb(87, 109, 150); font-family: Montserrat, sans-serif;\">Voc\u00ea \u00e9 livre para recusar a nossa solicita\u00e7\u00e3o de informa\u00e7\u00f5es pessoais, entendendo que talvez n\u00e3o possamos fornecer alguns dos servi\u00e7os desejados.<\/p><p style=\"margin-bottom: 1rem; color: rgb(87, 109, 150); font-family: Montserrat, sans-serif;\">O uso continuado de nosso site ser\u00e1 considerado como aceita\u00e7\u00e3o de nossas pr\u00e1ticas em torno de privacidade e informa\u00e7\u00f5es pessoais. Se voc\u00ea tiver alguma d\u00favida sobre como lidamos com dados do usu\u00e1rio e informa\u00e7\u00f5es pessoais, entre em contacto connosco.<\/p><p style=\"margin-bottom: 1rem; color: rgb(87, 109, 150); font-family: Montserrat, sans-serif;\"><\/p><h3 style=\"margin-bottom: 20px; font-weight: 600; line-height: 1.2; font-size: 16px; letter-spacing: -0.05em; color: rgb(87, 109, 150); font-family: Montserrat, sans-serif;\">Compromisso do Usu\u00e1rio<\/h3><p style=\"margin-bottom: 1rem; color: rgb(87, 109, 150); font-family: Montserrat, sans-serif;\">O usu\u00e1rio se compromete a fazer uso adequado dos conte\u00fados e da informa\u00e7\u00e3o que o Cl\u00ednica M&amp;S do Trabalho oferece no site e com car\u00e1ter enunciativo, mas n\u00e3o limitativo:<\/p><ul style=\"margin-bottom: 1rem; color: rgb(87, 109, 150); font-family: Montserrat, sans-serif;\"><li>A) N\u00e3o se envolver em atividades que sejam ilegais ou contr\u00e1rias \u00e0 boa f\u00e9 a \u00e0 ordem p\u00fablica;<\/li><li>B) N\u00e3o difundir propaganda ou conte\u00fado de natureza racista, xenof\u00f3bica,&nbsp;<a href=\"https:\/\/apostasonline.guru\/\" rel=\"nofollow\" target=\"_BLANK\" style=\"color: inherit !important; font-size: inherit !important;\">casas de apostas<\/a>&nbsp;ou azar, qualquer tipo de pornografia ilegal, de apologia ao terrorismo ou contra os direitos humanos;<\/li><li>C) N\u00e3o causar danos aos sistemas f\u00edsicos (hardwares) e l\u00f3gicos (softwares) do Cl\u00ednica M&amp;S do Trabalho, de seus fornecedores ou terceiros, para introduzir ou disseminar v\u00edrus inform\u00e1ticos ou quaisquer outros sistemas de hardware ou software que sejam capazes de causar danos anteriormente mencionados.<\/li><\/ul><h3 style=\"margin-bottom: 20px; font-weight: 600; line-height: 1.2; font-size: 16px; letter-spacing: -0.05em; color: rgb(87, 109, 150); font-family: Montserrat, sans-serif;\">Mais informa\u00e7\u00f5es<\/h3><p style=\"margin-bottom: 1rem; color: rgb(87, 109, 150); font-family: Montserrat, sans-serif;\">Esperemos que esteja esclarecido e, como mencionado anteriormente, se houver algo que voc\u00ea n\u00e3o tem certeza se precisa ou n\u00e3o, geralmente \u00e9 mais seguro deixar os cookies ativados, caso interaja com um dos recursos que voc\u00ea usa em nosso site.<\/p><p style=\"margin-bottom: 1rem; color: rgb(87, 109, 150); font-family: Montserrat, sans-serif;\">Esta pol\u00edtica \u00e9 efetiva a partir de&nbsp;<span style=\"font-weight: bolder;\">29 setembro 2022 12:11<\/span><\/p>\t\t\t\t\t\t\t\t<\/div>\n\t\t\t\t<\/div>\n\t\t\t\t\t<\/div>\n\t\t<\/div>\n\t\t\t\t\t<\/div>\n\t\t<\/section>\n\t\t\t\t<\/div>\n\t\t","protected":false},"excerpt":{"rendered":"<p>Politica de Privacidade A sua privacidade \u00e9 importante para n\u00f3s. \u00c9 pol\u00edtica do Cl\u00ednica M&amp;S do Trabalho respeitar a sua privacidade em rela\u00e7\u00e3o a qualquer informa\u00e7\u00e3o sua que possamos coletar no site&nbsp;Cl\u00ednica M&amp;S do Trabalho, e outros sites que possu\u00edmos e operamos. Solicitamos informa\u00e7\u00f5es pessoais apenas quando realmente precisamos delas para lhe fornecer um servi\u00e7o. &hellip; <\/p>\n<p class=\"link-more\"><a href=\"https:\/\/msdotrabalho.com.br\/blog\/politica-de-privacidade\/\" class=\"more-link\">Continue lendo<span class=\"screen-reader-text\"> &#8220;Politica de Privacidade&#8221;<\/span><\/a><\/p>\n","protected":false},"author":1,"featured_media":0,"parent":0,"menu_order":0,"comment_status":"closed","ping_status":"closed","template":"elementor_header_footer","meta":{"_joinchat":[],"footnotes":""},"class_list":["post-1911","page","type-page","status-publish","hentry"],"yoast_head":"<!-- This site is optimized with the Yoast SEO plugin v27.2 - https:\/\/yoast.com\/product\/yoast-seo-wordpress\/ -->\n<title>Politica de Privacidade - M&amp;S do Trabalho<\/title>\n<meta name=\"robots\" content=\"index, follow, max-snippet:-1, max-image-preview:large, max-video-preview:-1\" \/>\n<link rel=\"canonical\" href=\"https:\/\/msdotrabalho.com.br\/blog\/politica-de-privacidade\/\" \/>\n<meta property=\"og:locale\" content=\"pt_BR\" \/>\n<meta property=\"og:type\" content=\"article\" \/>\n<meta property=\"og:title\" content=\"Politica de Privacidade - M&amp;S do Trabalho\" \/>\n<meta property=\"og:description\" content=\"Politica de Privacidade A sua privacidade \u00e9 importante para n\u00f3s. \u00c9 pol\u00edtica do Cl\u00ednica M&amp;S do Trabalho respeitar a sua privacidade em rela\u00e7\u00e3o a qualquer informa\u00e7\u00e3o sua que possamos coletar no site&nbsp;Cl\u00ednica M&amp;S do Trabalho, e outros sites que possu\u00edmos e operamos. Solicitamos informa\u00e7\u00f5es pessoais apenas quando realmente precisamos delas para lhe fornecer um servi\u00e7o. &hellip; Continue lendo &quot;Politica de Privacidade&quot;\" \/>\n<meta property=\"og:url\" content=\"https:\/\/msdotrabalho.com.br\/blog\/politica-de-privacidade\/\" \/>\n<meta property=\"og:site_name\" content=\"M&amp;S do Trabalho\" \/>\n<meta property=\"article:publisher\" content=\"https:\/\/www.facebook.com\/msdotrabalho\" \/>\n<meta property=\"article:modified_time\" content=\"2022-09-29T12:13:14+00:00\" \/>\n<meta name=\"twitter:card\" content=\"summary_large_image\" \/>\n<meta name=\"twitter:label1\" content=\"Est. tempo de leitura\" \/>\n\t<meta name=\"twitter:data1\" content=\"3 minutos\" \/>\n<script type=\"application\/ld+json\" class=\"yoast-schema-graph\">{\"@context\":\"https:\/\/schema.org\",\"@graph\":[{\"@type\":\"WebPage\",\"@id\":\"https:\/\/msdotrabalho.com.br\/blog\/politica-de-privacidade\/\",\"url\":\"https:\/\/msdotrabalho.com.br\/blog\/politica-de-privacidade\/\",\"name\":\"Politica de Privacidade - M&amp;S do Trabalho\",\"isPartOf\":{\"@id\":\"https:\/\/msdotrabalho.com.br\/blog\/#website\"},\"datePublished\":\"2022-09-29T12:07:40+00:00\",\"dateModified\":\"2022-09-29T12:13:14+00:00\",\"breadcrumb\":{\"@id\":\"https:\/\/msdotrabalho.com.br\/blog\/politica-de-privacidade\/#breadcrumb\"},\"inLanguage\":\"pt-BR\",\"potentialAction\":[{\"@type\":\"ReadAction\",\"target\":[\"https:\/\/msdotrabalho.com.br\/blog\/politica-de-privacidade\/\"]}]},{\"@type\":\"BreadcrumbList\",\"@id\":\"https:\/\/msdotrabalho.com.br\/blog\/politica-de-privacidade\/#breadcrumb\",\"itemListElement\":[{\"@type\":\"ListItem\",\"position\":1,\"name\":\"In\u00edcio\",\"item\":\"https:\/\/msdotrabalho.com.br\/blog\/\"},{\"@type\":\"ListItem\",\"position\":2,\"name\":\"Politica de Privacidade\"}]},{\"@type\":\"WebSite\",\"@id\":\"https:\/\/msdotrabalho.com.br\/blog\/#website\",\"url\":\"https:\/\/msdotrabalho.com.br\/blog\/\",\"name\":\"M&S do Trabalho\",\"description\":\"Somos uma empresa de presta\u00e7\u00e3o de servi\u00e7os na \u00e1rea de Engenharia de Seguran\u00e7a e Medicina do Trabalho, sediada em Natal\/RN. Criada com princ\u00edpios e valores que fazem desta ser um diferencial no mercado em atua\u00e7\u00e3o, proporcionando aos nossos clientes dedica\u00e7\u00e3o, comprometimento e qualidade.\",\"publisher\":{\"@id\":\"https:\/\/msdotrabalho.com.br\/blog\/#organization\"},\"potentialAction\":[{\"@type\":\"SearchAction\",\"target\":{\"@type\":\"EntryPoint\",\"urlTemplate\":\"https:\/\/msdotrabalho.com.br\/blog\/?s={search_term_string}\"},\"query-input\":{\"@type\":\"PropertyValueSpecification\",\"valueRequired\":true,\"valueName\":\"search_term_string\"}}],\"inLanguage\":\"pt-BR\"},{\"@type\":\"Organization\",\"@id\":\"https:\/\/msdotrabalho.com.br\/blog\/#organization\",\"name\":\"M&S do Trabalho\",\"url\":\"https:\/\/msdotrabalho.com.br\/blog\/\",\"logo\":{\"@type\":\"ImageObject\",\"inLanguage\":\"pt-BR\",\"@id\":\"https:\/\/msdotrabalho.com.br\/blog\/#\/schema\/logo\/image\/\",\"url\":\"https:\/\/msdotrabalho.com.br\/blog\/wp-content\/uploads\/2022\/04\/logo.png\",\"contentUrl\":\"https:\/\/msdotrabalho.com.br\/blog\/wp-content\/uploads\/2022\/04\/logo.png\",\"width\":400,\"height\":216,\"caption\":\"M&S do Trabalho\"},\"image\":{\"@id\":\"https:\/\/msdotrabalho.com.br\/blog\/#\/schema\/logo\/image\/\"},\"sameAs\":[\"https:\/\/www.facebook.com\/msdotrabalho\"]}]}<\/script>\n<!-- \/ Yoast SEO plugin. -->","yoast_head_json":{"title":"Politica de Privacidade - M&amp;S do Trabalho","robots":{"index":"index","follow":"follow","max-snippet":"max-snippet:-1","max-image-preview":"max-image-preview:large","max-video-preview":"max-video-preview:-1"},"canonical":"https:\/\/msdotrabalho.com.br\/blog\/politica-de-privacidade\/","og_locale":"pt_BR","og_type":"article","og_title":"Politica de Privacidade - M&amp;S do Trabalho","og_description":"Politica de Privacidade A sua privacidade \u00e9 importante para n\u00f3s. \u00c9 pol\u00edtica do Cl\u00ednica M&amp;S do Trabalho respeitar a sua privacidade em rela\u00e7\u00e3o a qualquer informa\u00e7\u00e3o sua que possamos coletar no site&nbsp;Cl\u00ednica M&amp;S do Trabalho, e outros sites que possu\u00edmos e operamos. Solicitamos informa\u00e7\u00f5es pessoais apenas quando realmente precisamos delas para lhe fornecer um servi\u00e7o. &hellip; Continue lendo \"Politica de Privacidade\"","og_url":"https:\/\/msdotrabalho.com.br\/blog\/politica-de-privacidade\/","og_site_name":"M&amp;S do Trabalho","article_publisher":"https:\/\/www.facebook.com\/msdotrabalho","article_modified_time":"2022-09-29T12:13:14+00:00","twitter_card":"summary_large_image","twitter_misc":{"Est. tempo de leitura":"3 minutos"},"schema":{"@context":"https:\/\/schema.org","@graph":[{"@type":"WebPage","@id":"https:\/\/msdotrabalho.com.br\/blog\/politica-de-privacidade\/","url":"https:\/\/msdotrabalho.com.br\/blog\/politica-de-privacidade\/","name":"Politica de Privacidade - M&amp;S do Trabalho","isPartOf":{"@id":"https:\/\/msdotrabalho.com.br\/blog\/#website"},"datePublished":"2022-09-29T12:07:40+00:00","dateModified":"2022-09-29T12:13:14+00:00","breadcrumb":{"@id":"https:\/\/msdotrabalho.com.br\/blog\/politica-de-privacidade\/#breadcrumb"},"inLanguage":"pt-BR","potentialAction":[{"@type":"ReadAction","target":["https:\/\/msdotrabalho.com.br\/blog\/politica-de-privacidade\/"]}]},{"@type":"BreadcrumbList","@id":"https:\/\/msdotrabalho.com.br\/blog\/politica-de-privacidade\/#breadcrumb","itemListElement":[{"@type":"ListItem","position":1,"name":"In\u00edcio","item":"https:\/\/msdotrabalho.com.br\/blog\/"},{"@type":"ListItem","position":2,"name":"Politica de Privacidade"}]},{"@type":"WebSite","@id":"https:\/\/msdotrabalho.com.br\/blog\/#website","url":"https:\/\/msdotrabalho.com.br\/blog\/","name":"M&S do Trabalho","description":"Somos uma empresa de presta\u00e7\u00e3o de servi\u00e7os na \u00e1rea de Engenharia de Seguran\u00e7a e Medicina do Trabalho, sediada em Natal\/RN. Criada com princ\u00edpios e valores que fazem desta ser um diferencial no mercado em atua\u00e7\u00e3o, proporcionando aos nossos clientes dedica\u00e7\u00e3o, comprometimento e qualidade.","publisher":{"@id":"https:\/\/msdotrabalho.com.br\/blog\/#organization"},"potentialAction":[{"@type":"SearchAction","target":{"@type":"EntryPoint","urlTemplate":"https:\/\/msdotrabalho.com.br\/blog\/?s={search_term_string}"},"query-input":{"@type":"PropertyValueSpecification","valueRequired":true,"valueName":"search_term_string"}}],"inLanguage":"pt-BR"},{"@type":"Organization","@id":"https:\/\/msdotrabalho.com.br\/blog\/#organization","name":"M&S do Trabalho","url":"https:\/\/msdotrabalho.com.br\/blog\/","logo":{"@type":"ImageObject","inLanguage":"pt-BR","@id":"https:\/\/msdotrabalho.com.br\/blog\/#\/schema\/logo\/image\/","url":"https:\/\/msdotrabalho.com.br\/blog\/wp-content\/uploads\/2022\/04\/logo.png","contentUrl":"https:\/\/msdotrabalho.com.br\/blog\/wp-content\/uploads\/2022\/04\/logo.png","width":400,"height":216,"caption":"M&S do Trabalho"},"image":{"@id":"https:\/\/msdotrabalho.com.br\/blog\/#\/schema\/logo\/image\/"},"sameAs":["https:\/\/www.facebook.com\/msdotrabalho"]}]}},"_links":{"self":[{"href":"https:\/\/msdotrabalho.com.br\/blog\/wp-json\/wp\/v2\/pages\/1911","targetHints":{"allow":["GET"]}}],"collection":[{"href":"https:\/\/msdotrabalho.com.br\/blog\/wp-json\/wp\/v2\/pages"}],"about":[{"href":"https:\/\/msdotrabalho.com.br\/blog\/wp-json\/wp\/v2\/types\/page"}],"author":[{"embeddable":true,"href":"https:\/\/msdotrabalho.com.br\/blog\/wp-json\/wp\/v2\/users\/1"}],"replies":[{"embeddable":true,"href":"https:\/\/msdotrabalho.com.br\/blog\/wp-json\/wp\/v2\/comments?post=1911"}],"version-history":[{"count":4,"href":"https:\/\/msdotrabalho.com.br\/blog\/wp-json\/wp\/v2\/pages\/1911\/revisions"}],"predecessor-version":[{"id":1915,"href":"https:\/\/msdotrabalho.com.br\/blog\/wp-json\/wp\/v2\/pages\/1911\/revisions\/1915"}],"wp:attachment":[{"href":"https:\/\/msdotrabalho.com.br\/blog\/wp-json\/wp\/v2\/media?parent=1911"}],"curies":[{"name":"wp","href":"https:\/\/api.w.org\/{rel}","templated":true}]}}